{"id":98,"date":"2019-02-17T10:21:08","date_gmt":"2019-02-17T09:21:08","guid":{"rendered":"https:\/\/argentoamico.com\/?page_id=98"},"modified":"2019-02-25T21:51:50","modified_gmt":"2019-02-25T20:51:50","slug":"chanel-argento-amico","status":"publish","type":"page","link":"https:\/\/argentoamico.com\/index.php\/chanel-argento-amico\/","title":{"rendered":"Chanel Argento Amico"},"content":{"rendered":"<style type=\"text\/css\"><\/style>\n<p style=\"text-align:center\"><strong>CHAMPION POLSKI<\/strong><br> suczka hodowlana<br> ur.01.02.2012<\/p>\n\n\n\n<p style=\"text-align:center\">3 x z\u0142oto<br>\n3 x CWC<br>\n1 x br\u0105z<\/p>\n\n\n\n<p style=\"text-align:center\">Najlepsze Baby w Rasie<\/p>\n\n\n\n<div class=\"wp-block-image\"><figure class=\"aligncenter\"><img loading=\"lazy\" width=\"700\" height=\"467\" src=\"https:\/\/argentoamico.com\/wp-content\/uploads\/2019\/02\/chanel.jpg\" alt=\"\" class=\"wp-image-73\" srcset=\"https:\/\/argentoamico.com\/wp-content\/uploads\/2019\/02\/chanel.jpg 700w, https:\/\/argentoamico.com\/wp-content\/uploads\/2019\/02\/chanel-300x200.jpg 300w, https:\/\/argentoamico.com\/wp-content\/uploads\/2019\/02\/chanel-580x387.jpg 580w\" sizes=\"(max-width: 700px) 100vw, 700px\" \/><figcaption>waga 2,8kg<\/figcaption><\/figure><\/div>\n\n\n\n<p>Mi\u0119dzynarodowa Wystawa Ps\u00f3w Rasowych &#8211; Rzesz\u00f3w, 23.05.2015<br>\nklasa otwarta, ocena doskona\u0142a, I lokata, CWC<br>\n&#8222;Do\u015b\u0107 mocna g\u0142owa. Prosty i mocny grzbiet. Swobodny ruch, szata jedwabista, soczyste podpalanie. \u015awietny temperament.&#8221;<br>\nS\u0119dzia Janusz Opara (PL)<\/p>\n\n\n\n<p>Mi\u0119dzynarodowa Wystawa Ps\u00f3w Rasowych &#8211; \u0141\u00f3d\u017a, 03.05.2015<br>\nklasa otwarta, ocena doskona\u0142a, IV lokata\/11 konkurentek<br>\nS\u0119dzia Zoya Oleynikowa (UA)<\/p>\n\n\n\n<p>Klubowa Wystawa Terrier\u00f3w &#8211; Kielce, 08.11.2014<br>\nklasa otwarta, ocena bardzo dobra, II lokata<br>\n&#8222;2,5 letnia, dobry rozmiar. Dobre oko, ucho. W\u0142os jedwabisty, ciemny. Bardzo dobry temperament. Porusza si\u0119 bardzo dobrze.&#8221;<br>\nS\u0119dzia Vija Klucniece (LV)<\/p>\n\n\n\n<p>Mi\u0119dzynarodowa Wystawa Ps\u00f3w Rasowych &#8211; Wroc\u0142aw, 27.09.2014<br>\nklasa otwarta, ocena doskona\u0142a, IV lokata<br>\n&#8222;pe\u0142na temperamentu, dobrze ruszaj\u0105ca si\u0119, poprawna linia, doskona\u0142a statyka, dobrze prezentowana&#8221;<br>\nS\u0119dzia Jaros\u0142aw Grunt (PL)<\/p>\n\n\n\n<p>Mi\u0119dzynarodowa Wystawa Ps\u00f3w Rasowych &#8211; Bia\u0142ystok, 30.08.2014<br>\nklasa otwarta, ocena doskona\u0142a<br>\n&#8222;zgryz norma, mocna, bardzo energiczna, doskona\u0142e proporcje, pi\u0119kna typowa g\u0142owa, doskona\u0142e k\u0105towanie, pewne ruchy&#8221;<br>\nS\u0119dzia Zhanna Bondar (BY)<\/p>\n\n\n\n<p>Krajowa Wystawa Ps\u00f3w Rasowych &#8211; Przemy\u015bl, 10.08.2014<br>\nklasa otwarta, ocena doskona\u0142a I lokata, z\u0142oto, CWC<br>\n&#8222;dobrej wielko\u015bci, prawid\u0142owa g\u0142owa, doskona\u0142a linia szyji i grzbietu, doskonale k\u0105towana, doskona\u0142y ruch, doskona\u0142y gatunek szaty, fachowo zaprezentowana&#8221;<br>\nS\u0119dzia Katarzyna Turecka(PL)<\/p>\n\n\n\n<p>Mi\u0119dzynarodowa Wystawa Ps\u00f3w Rasowych &#8211; Zakopane, 02.08.2014<br>\nklasa otwarta<br>\nlokata III, br\u0105z, ocena doskona\u0142a<br>\n&#8222;efektowna suka o prawid\u0142owym zgryzie, prawid\u0142owe uszy, poprawna g\u00f3rna linia, doskona\u0142y dynamiczny ch\u00f3d, dobry gatunek w\u0142osa i temperament&#8221;<br>\nS\u0119dzia Krystyna Opara (PL)<\/p>\n\n\n\n<p>Krajowa Wystawa Ps\u00f3w Rasowych &#8211; Przemy\u015bl, 01.09.2013<br>\nklasa po\u015brednia<br>\nocena doskona\u0142a, I lokata, z\u0142oto, CWC<br>\n&#8222;typowa we wszystkich szczeg\u00f3\u0142ach, dobry rysunek anatomiczny, o \u0142adnym tu\u0142owiu, p\u0142aszcz jeszcze ciemny, ruch i statyka bez zastrze\u017ce\u0144&#8221;<br>\nS\u0119dzia Piotr Kr\u00f3l (PL)<\/p>\n\n\n\n<p>Mi\u0119dzynarodowa Wystawa Ps\u00f3w Rasowych &#8211; Warszawa, 13-14.07.2013<br>\nklasa m\u0142odzie\u017cy ( w konkurencji 10 suczek)<br>\nocena bardzo dobra<br>\n&#8222;sucza w wyrazie, dobre proporcje, ciemne podpalanie, smolenia, doskona\u0142e uszy, dobrze osadzona szyja, prosty grzbiet, klatka w rozwoju, dobra tekstura, kolor w rozwoju, ruch poprawny&#8221;<br>\nS\u0119dzia Jean-Jacques Dupas (F)<\/p>\n\n\n\n<p>Krajowa Wystawa Ps\u00f3w Rasowych &#8211; Lublin, 09.06.2013<br>\nklasa m\u0142odzie\u017cy<br>\nocena doskona\u0142a, IV lok.<br>\n&#8222;suczka o dobrych proporcjach, linia grzbietu dobra, szata dobrej d\u0142ugo\u015bci, na g\u0142owie nieco smole\u0144, grzbiet si\u0119 przebarwia&#8221;<br>\nS\u0119dzia Aleksandra S\u0119kowska-Miros (PL)<\/p>\n\n\n\n<p>Krajowa Wystawa Ps\u00f3w Rasowych &#8211; Lublin, 24.04.2013<br>\nklasa m\u0142odzie\u017cy<\/p>\n\n\n\n<p>ocena doskona\u0142a<br>\n&#8222;suczka o dobrych proporcjach, ma\u0142e oko, dobre k\u0105towanie ko\u0144czyn przednich i tylnych, p\u0142aszcz w trakcie wybarwiania&#8221;<br>\nS\u0119dzia Katarzyna Nitka (PL)<\/p>\n\n\n\n<p>Mi\u0119dzynarodowa Wystawa Ps\u00f3w Rasowych &#8211; Kielce, 10.11.2012<br>\nklasa m\u0142odzie\u017cy<br>\nocena doskona\u0142a<br>\n&#8222;suczka z czarn\u0105 jeszcze g\u0142\u00f3wk\u0105, \u0142adne uszki, oczy ciemne, \u0142adnie si\u0119 przeja\u015bnia na p\u0142aszczyku, biega energicznie&#8221;<br>\nS\u0119dzia El\u017cbieta Chwalib\u00f3g (PL)<\/p>\n\n\n\n<p>Krajowa Wystawa Ps\u00f3w Rasowych &#8211; Przemy\u015bl, 23.09.2012<br>\nklasa szczeni\u0105t<br>\nocena obiecuj\u0105ca<br>\n&#8222;7 miesi\u0119czna, dobrej wielko\u015bci i formatu, sucza g\u0142owa, prawid\u0142owe oko i pigment, dobra linia szyi, prawid\u0142owa linia grzbietu, w\u0142os w dobrym gatunku, stosowny do wieku, na kufie widoczne osmolenia&#8221;<br>\nS\u0119dzia Katarzyna Turecka (PL)<\/p>\n\n\n\n<p>Mi\u0119dzynarodowa Wystawa Ps\u00f3w Rasowych &#8211; Warszawa, 7-8.07.2012<br>\nklasa baby<br>\nocena wybitnie obiecuj\u0105ca, III lok.<br>\nwspaniale odchowana, \u017cywiona, \u015bliczna rezolutna buzia, mocne szcz\u0119ki, solidny korpus, wyj\u0105tkowo kontaktowa, bardzo dobrze stawia ko\u0144czyny tylne, stabilny front, jej ruch jest wyj\u0105tkowo rytmiczny&#8221;<br>\nS\u0119dzia Viva Maria Soleckyj-Szpunar (PL)<\/p>\n\n\n\n<p>Krajowa Wystawa Ps\u00f3w Rasowych &#8211; Lublin, 10.06.2012<br>\nklasa baby<br>\nocena wybitnie obiecuj\u0105ca, I lokata, Najlepsze Baby w Rasie<br>\n&#8222;4 miesi\u0119czna, doskonale si\u0119 zapowiada, odwa\u017cna, \u0142adna g\u0142\u00f3wka, bardzo \u0142adnie k\u0105towana, dynamicznie si\u0119 porusza&#8221;<br>\nS\u0119dzia Barbara Brandys (PL)<\/p>\n\n\n\n<div class=\"wp-block-image\"><figure class=\"aligncenter\"><img loading=\"lazy\" width=\"700\" height=\"380\" src=\"https:\/\/argentoamico.com\/wp-content\/uploads\/2019\/02\/chanel_rodowod.jpg\" alt=\"\" class=\"wp-image-72\" srcset=\"https:\/\/argentoamico.com\/wp-content\/uploads\/2019\/02\/chanel_rodowod.jpg 700w, https:\/\/argentoamico.com\/wp-content\/uploads\/2019\/02\/chanel_rodowod-300x163.jpg 300w, https:\/\/argentoamico.com\/wp-content\/uploads\/2019\/02\/chanel_rodowod-580x315.jpg 580w\" sizes=\"(max-width: 700px) 100vw, 700px\" \/><\/figure><\/div>\n","protected":false},"excerpt":{"rendered":"<p>CHAMPION POLSKI suczka hodowlana ur.01.02.2012 3 x z\u0142oto 3 x CWC 1 x br\u0105z Najlepsze Baby w Rasie Mi\u0119dzynarodowa Wystawa Ps\u00f3w Rasowych &#8211; Rzesz\u00f3w, 23.05.2015 klasa otwarta, ocena doskona\u0142a, I lokata, CWC &#8222;Do\u015b\u0107 mocna g\u0142owa. Prosty i mocny grzbiet. Swobodny ruch, szata jedwabista, soczyste podpalanie. \u015awietny temperament.&#8221; S\u0119dzia Janusz Opara (PL) Mi\u0119dzynarodowa Wystawa Ps\u00f3w Rasowych&#8230;<\/p>\n","protected":false},"author":2,"featured_media":0,"parent":0,"menu_order":0,"comment_status":"closed","ping_status":"closed","template":"","meta":{"ngg_post_thumbnail":0},"_links":{"self":[{"href":"https:\/\/argentoamico.com\/index.php\/wp-json\/wp\/v2\/pages\/98"}],"collection":[{"href":"https:\/\/argentoamico.com\/index.php\/wp-json\/wp\/v2\/pages"}],"about":[{"href":"https:\/\/argentoamico.com\/index.php\/wp-json\/wp\/v2\/types\/page"}],"author":[{"embeddable":true,"href":"https:\/\/argentoamico.com\/index.php\/wp-json\/wp\/v2\/users\/2"}],"replies":[{"embeddable":true,"href":"https:\/\/argentoamico.com\/index.php\/wp-json\/wp\/v2\/comments?post=98"}],"version-history":[{"count":3,"href":"https:\/\/argentoamico.com\/index.php\/wp-json\/wp\/v2\/pages\/98\/revisions"}],"predecessor-version":[{"id":434,"href":"https:\/\/argentoamico.com\/index.php\/wp-json\/wp\/v2\/pages\/98\/revisions\/434"}],"wp:attachment":[{"href":"https:\/\/argentoamico.com\/index.php\/wp-json\/wp\/v2\/media?parent=98"}],"curies":[{"name":"wp","href":"https:\/\/api.w.org\/{rel}","templated":true}]}}